are the prime factors of z?
5
Let h(w) = -w**3 + 10*w**2 - 8*w - 10. List the prime factors of h(7).
3
Let y(m) = -28*m + 7. Let i be y(4). What are the prime factors of (-1)/2 + i/(-14)?
7
Let b = 98 - 51. List the prime factors of b.
47
Let h = 25 - 23. Suppose 4*s - 5*y - 80 = 0, y + h = -2. What are the prime factors of s?
3, 5
Let j = -22 + 24. List the prime factors of j.
2
Suppose -7*n = -6*n - 259. What are the prime factors of n?
7, 37
Let b = 48 + -7. What are the prime factors of b?
41
Let z(m) = 5*m**2 + 2*m - 1. What are the prime factors of z(-3)?
2, 19
Suppose -4*v + 0*v + 120 = 0. What are the prime factors of v?
2, 3, 5
Let y(b) = 2*b**3 - 2*b**2 - 2*b. Let i be y(2). Suppose t = 1 + i. Suppose s - 1 = 0, 3*o + t*s - 19 = o. What are the prime factors of o?
7
Let z = 79 - 8. List the prime factors of z.
71
Let y(v) = 4*v + 11. What are the prime factors of y(5)?
31
Suppose 4*m = -m + 70. List the prime factors of m.
2, 7
Let l(p) = -p**2 + 2*p**3 - 2 + 6*p**2 + 1 - 3*p**2. Let t be l(-1). List the prime factors of (-5 - t - 2)*-2.
2, 3
Let u(n) = 6*n**3 + n + 1. Let x be u(-1). Let g(z) = -3*z - 6. What are the prime factors of g(x)?
2, 3
Suppose -2*z + 3 = -1, -3*v = -3*z - 6. Let p(a) = 2*a**2 - 6*a + 6. List the prime factors of p(v).
2, 7
Let d = -6 + 3. Let a be (-5 + -1)*2/d. Suppose 0 = -a*w - w + 35. What are the prime factors of w?
7
Suppose 2*b = -6, -5*a + 3*b = -33 - 86. What are the prime factors of a?
2, 11
Suppose -2*y + 4356 = 10*y. What are the prime factors of y?
3, 11
Suppose -3*r - 4*y = -7*r - 148, -r - 37 = 2*y. List the prime factors of 4/(-14) + r/(-7).
5
Let f = 138 + -59. Suppose -4*w = -f - 5. List the prime factors of w.
3, 7
List the prime factors of (117/18)/((-2)/(1 - 45)).
11, 13
What are the prime factors of (-140)/(-21)*(2 - -1)?
2, 5
Let h be -3*(-1 - 6/(-9)). Let c = 2 + h. List the prime factors of c.
3
Let w(q) = 0 - 2 - q**2 - 6 - 5*q. Let s(k) = 4*k**2 + 16*k + 24. Let j(t) = 2*s(t) + 7*w(t). List the prime factors of j(6).
2, 5
Suppose 0 = 2*d - 5*v - 22 + 63, -5*v + 77 = -4*d. Let a = d + 25. List the prime factors of a.
7
Let d be (1 - -1)/(8/12). Let h be 55/(-15) - (-2)/d. Let i = 8 - h. List the prime factors of i.
11
Let y be (4/(-10))/(9/(-540)). Let x = 34 - y. What are the prime factors of x?
2, 5
Suppose m - f = -m - 416, 2*f + 4 = 0. Let t be 4/18 - m/(-9). Let j = 43 + t. What are the prime factors of j?
2, 5
Suppose -6*x + 111 = -279. What are the prime factors of x?
5, 13
Let o(n) be the third derivative of n**6/120 + n**5/30 - n**4/24 - 2*n**2. List the prime factors of o(1).
2
Suppose d - 10 - 15 = 0. Suppose 5*j = 70 - d. List the prime factors of j.
3
Let j(g) = g**2 + 5*g + 3. Let p be j(-5). Let s(a) = -a**3 + 5*a**2 - 2*a - 4. What are the prime factors of s(p)?
2
List the prime factors of (46/(-4))/(2/(-12)).
3, 23
List the prime factors of ((-6)/8)/(2/(-232)).
3, 29
Let a(v) = -2*v + 1. Let u be 7/(-4) - 6/(-8). Let h be a(u). Suppose -4*o + 3*g = g - 6, -3*g = -h*o. List the prime factors of o.
3
Let b(j) = -7*j**2 - 1. Let a be b(-2). Let o = a - -47. What are the prime factors of o?
2, 3
Suppose 2*s - 21 = -5*f + 1, 0 = 3*s - f + 1. Let o(q) = 8*q**2 - q - 1. Let p be o(-1). List the prime factors of s/(-2) - (-28)/p.
3
List the prime factors of ((-2)/2)/(17/(-1292)).
2, 19
Let m(z) be the first derivative of 2 - 1/2*z**4 - z**3 - 1/2*z**2 - z. What are the prime factors of m(-2)?
5
Let o = -1 - -21. Let q = o + -10. What are the prime factors of q?
2, 5
Suppose -q + 150 = 5*m - 2*q, 3*m - 5*q = 90. Let c be (-1)/(3 + 26/(-8)). Suppose -p = c*p - m. List the prime factors of p.
2, 3
Suppose 39*g - 25*g - 2324 = 0. List the prime factors of g.
2, 83
Suppose -3*j = -28 - 26. Let f = 40 - j. What are the prime factors of f?
2, 11
Suppose -10*g + 8*g = -224. What are the prime factors of g?
2, 7
Let k = 4 + -1. Suppose 39 = k*g - 36. List the prime factors of g.
5
Let z be (-1260)/(-33) - 4/22. Suppose 0 = -0*v + 2*v. Suppose -z = -3*n - v*n - t, -44 = -3*n - 4*t. List the prime factors of n.
2, 3
Let y(k) be the second derivative of 11*k**4/12 - 5*k**3/6 + 5*k**2/2 - k. List the prime factors of y(2).
3, 13
Let u be (-1)/(-2)*(2 + -6). List the prime factors of -3 + (9 - 0/u).
2, 3
Let l(j) = -j**3 + 5*j**2 + 7*j. Let t(b) = -b**2 + 7*b. Suppose 14 = 4*u - 10. Let w be t(u). What are the prime factors of l(w)?
2, 3
Let v be (-1 - -2)/((-2)/(-22)). Let y(n) = n**3 - 12*n**2 + 13*n - 14. List the prime factors of y(v).
2
Let a(u) = 5*u - 1. Let q be a(1). Suppose o + 3*i = 14, -21 = -q*o + o - 2*i. What are the prime factors of o?
5
Let j = 2 + 2. Suppose j*h - 8*h + 76 = 0. List the prime factors of h.
19
Let h be 7*-5*(-6)/105. Let r(j) = -j**2 - 8*j + 2. Let k be r(-4). Suppose -v + k = h*v. List the prime factors of v.
2, 3
Let t(o) = -o**2 - 17*o + 19. List the prime factors of t(-15).
7
Suppose 10 = 3*i + m, -4*m = -2*i - 3*m + 10. Suppose 0 = i*f + 13 - 1. Let l = 0 - f. What are the prime factors of l?
3
What are the prime factors of (0 - (-8)/(-12) - -1)*357?
7, 17
Suppose -2560 = -43*n + 35*n. What are the prime factors of n?
2, 5
Suppose 3*w - 2*w - 33 = 0. What are the prime factors of w?
3, 11
Suppose -132 - 173 = -5*x. List the prime factors of x.
61
Suppose 0*k = 2*k - 116. What are the prime factors of k?
2, 29
List the prime factors of -1 - (-2 - (-3 + 31)).
29
Suppose -4*k - 25 = -9*k. Suppose 6 = 3*j + a - 9, 5*a + 25 = k*j. What are the prime factors of j?
5
Let d(k) = k**3 - 5*k**2 - 5*k - 4. Let l be d(6). Let p = -5 + l. Let g = 6 - p. What are the prime factors of g?
3
Suppose 2*u + 2 + 26 = 0. Let v = -1 - u. What are the prime factors of v?
13
Let x be (-48 + 11)*(2 - 1). Let p = x - -62. What are the prime factors of p?
5
Suppose -156 = 5*m + 44. List the prime factors of (12/10)/((-3)/m).
2
Let j = -15 + 21. Let a = 8 - j. Suppose 0 = -3*z - a*z + 80. What are the prime factors of z?
2
Let n = 601 + -183. List the prime factors of n.
2, 11, 19
Suppose -4*b + 5*o + 197 = 0, 5*b + 8*o = 5*o + 237. What are the prime factors of b?
2, 3
Let c(x) = -x**2 + 11*x + 3. Let s = 14 - 3. What are the prime factors of c(s)?
3
Let l = -189 + 307. What are the prime factors of l?
2, 59
Let x(g) = g**3 - 11*g**2 + 3*g + 3. What are the prime factors of x(12)?
3, 61
Let w be 1 - (340 - (-1 + 0)). Let y be (-1)/(-2) + w/(-8). Suppose 4*p + j - y = 0, 2*j - 16 = -3*p - 2*j. List the prime factors of p.
2, 3
Let h(s) = s - 9. Let m be h(8). List the prime factors of (-1)/(-2)*-6*m.
3
What are the prime factors of 190*(5/(-2) + 3)?
5, 19
Suppose 3*b - 15 = -2*n + 8, -3*n = -4*b - 9. Let c(t) = -2 + 5*t - t**2 + 3*t - 2. What are the prime factors of c(n)?
3
Let g(y) be the second derivative of y**4/12 + y**2/2 - y. Let r = 24 - 22. List the prime factors of g(r).
5
Let r = -22 + 59. List the prime factors of r.
37
Let p = -5 - -29. List the prime factors of p.
2, 3
Suppose -2*f - 34 = -4*c, 0 = -4*c + 3*f + 26 + 5. Let w = -6 + c. Suppose 2*x - 5 = -5*s, 0 = w*x + x + 5*s - 20. List the prime factors of x.
5
Suppose -c + 49 = -3*o, -5*o = -0*c + 4*c - 162. Suppose 6*a - 59 = c. List the prime factors of a.
17
Suppose 2*a - 41 = -1. Let k = -13 - -17. Suppose k*m - a = 24. List the prime factors of m.
11
Let b be (6/5)/((-2)/(-90)). Suppose 0 = -3*f - z + 71, -2*f - z = 6 - b. What are the prime factors of f?
23
Let v(s) = -4*s**3 + s + 6*s**3 - s**3 + 10 + 7*s**2. Let n be v(-7). Let p = n + 3. List the prime factors of p.
2, 3
Suppose -w + 4 = -3*w - j, w - 1 = -2*j. Suppose 0 = -3*l + 26 - 2. Let d = l + w. What are the prime factors of d?
5
Let w(x) = x + 7. Let m be w(-3). Suppose -5*l + 144 = -z, 9*z - m*z + 140 = 5*l. List the prime factors of l.
29
Let v = 16 - 11. What are the prime factors of v?
5
Let z(l) = l**2 - 3*l + 2. Let n(h) = h**3 - 5*h**2 - 2. Let q be n(5). Let x be 3/(-6)*3*q. What are the prime factors of z(x)?
2
Let y(p) = 28*p - 2. Suppose 0*t + 28 = 3*j + 5*t, -5*j + t = 0. What are the prime factors of y(j)?
2, 13
Let b = -16 + 19. Suppose k - 32 = b*i, -5*i + 2 + 3 = 0. What are the prime factors of k?
5, 7
Suppose -4*c = 4*k - 48, -c - 5*k = -4*c + 76. Suppose 0 = 15*h - c*h + 26. List the prime factors of h.
13
Suppose -b = 